(-11)).
18
Suppose 2*f + 5 = 7*f. Let a be (-8)/(-6)*((-44)/(-1) + f). Let v = -57 + a. What is the remainder when 11 is divided by v?
2
Calculate the remainder when ((18 - -1) + -23)*2276/(-2) is divided by 29.
28
Suppose 14*n - 19*n + 6 = 2*r, -n - 4*r - 6 = 0. Suppose 2*u + 2*p = 144, -n*u + 2*p + 41 = -119. What is the remainder when u is divided by 26?
24
Suppose 38*s + 6600 = 48*s. Suppose 720 - s = 6*v. What is the remainder when 114 is divided by v?
4
Let m be (20/6)/5 + 70/21. Suppose -5*o + 204 = 3*c - 2*o, -3*o - 279 = -m*c. Calculate the remainder when c is divided by 20.
9
Let i = 15 + -6. Let q(g) be the second derivative of g**3/3 + g**2 + 424*g. Calculate the remainder when q(i) is divided by 8.
4
Suppose 2*y + 5*k + 29 = 0, 2*y = -0*k + 3*k - 69. What is the remainder when 12/15*(-11900)/(-560) is divided by 2/9 + (-156)/y?
5
Suppose -9*r = -10*r - 3*z + 109, -4*r + 3*z = -421. What is the remainder when 666 is divided by r?
30
Suppose j - 6*b + 31 = -b, 0 = j - b + 11. Suppose -284 + 15 = -27*q + 136. Calculate the remainder when j/(-3)*(16 - 4) is divided by q.
9
Let v = 36 + -18. Suppose 2*g + 2*p - 7*p = 22, -3*p - 6 = 0. What is the remainder when 2/9 - (-140)/v is divided by g?
2
Let c be (10/(-4))/(7 - 94/12). Let k be (-2)/(-4)*(-1 + 1). Suppose v + 55 = c*o - v, k = -5*o - 5*v + 50. What is the remainder when o is divided by 9?
6
Suppose 0 = -3*b + 427 + 158. Let u be (-18)/72 - (707/4 + 1). Let i = -129 - u. What is the remainder when b is divided by i?
48
Let r(b) = -b**2 - 2*b + 69. Let n = 53 - 49. Suppose 1 = 3*z + w, z = n*z + 3*w - 3. Calculate the remainder when r(z) is divided by 24.
21
What is the remainder when ((-472)/6)/((-1)/3) is divided by -30*15/45 + 70 + (-3)/(-3)?
53
Suppose -5*u = -4*u + 2*z - 167, -155 = -u + 2*z. Let a = u - 155. Calculate the remainder when 32 is divided by a.
2
Let h be (-144)/(-5) + 14/70. Suppose -2*i = 3*t - h - 52, i = 0. Let x = 167 + -87. What is the remainder when x is divided by t?
26
Let t = 1487 + -927. Let r = t - 512. What is the remainder when 163 is divided by r?
19
Let h(w) = 124*w - 34*w**2 + 130*w - 421*w + 4*w**3 + 114 + 133*w - 5*w**3. What is the remainder when h(-33) is divided by 75?
72
Let r(l) = -5*l + 28. Let o(q) = -q + 14. Let b be o(-2). Let p be ((-20)/4)/(-1) - b. Calculate the remainder when r(p) is divided by 14.
13
Suppose 0 = 3563*u - 3593*u + 2970. Calculate the remainder when 261 is divided by u.
63
Suppose 5*j + 29 = 4*u, 3*j = 12*u - 13*u - 14. Calculate the remainder when (-4)/(16/15)*-12 is divided by u/2 - 279/(-18).
13
Suppose 20*x + 1928 = 24*x - 4*b, -b + 4 = 0. Suppose 0 = 10*p - p - x. Calculate the remainder when 119 is divided by p.
11
Suppose -4 = -4*m + 8. Suppose -5*j - m*c = -201, 4*c - 146 = -4*j + 10. Let s = 17 + j. Calculate the remainder when s is divided by 21.
17
Let q = 89 - 203. Let j = 323 + q. Calculate the remainder when j is divided by 14.
13
Suppose -159*z - 4527 = -10131 - 6957. Suppose 4 = 3*s - 3*b - 11, -2*b + 20 = s. What is the remainder when z is divided by s?
9
Let f(x) = 34*x**2 + 74*x + 4. Let d = -23 + 33. Calculate the remainder when f(-3) is divided by d.
8
Suppose 5*i = 2*t - 148, -4*t + 73 = -3*t - 2*i. Calculate the remainder when t is divided by 54.
15
Suppose 1838 = 26*q - 1516. What is the remainder when q is divided by 72?
57
Suppose 1197 + 45147 = 74*z - 29950. What is the remainder when z is divided by 257?
3
Let a = -198 + 1549. Calculate the remainder when a is divided by 41.
39
Suppose -i - 646 = -5*b, 3*b - 382 = -29*i + 24*i. Calculate the remainder when b is divided by 58.
13
Suppose p + 24 = 2*k + 3*p, -k = 2*p - 7. What is the remainder when 4 + 57/(1 - 0) is divided by k?
10
Let f(m) = m - 2. Let i be f(4). Suppose 2*o - 14 = 2*d, -i*o - 3*o - 4*d + 8 = 0. What is the remainder when o is divided by (11 - (-17)/(-1))/(6/(-1)) - -2?
1
Suppose 0 = 2*j - 3*h, -11*j + 6*h - 9 = -8*j. Let q = 282 - -78. Suppose j*p - q = -9. What is the remainder when p is divided by 21?
18
Let i(f) = -f + 103 + 4*f + 0*f. Suppose j = 5*j - 36. What is the remainder when i(-11) is divided by j?
7
Let l = -6469 - -6783. What is the remainder when l is divided by 83?
65
Let t = 355 + -39. Calculate the remainder when t is divided by 160.
156
Suppose 45*k - 70*k + 2954 = -2271. Calculate the remainder when 210 is divided by k.
1
Let k(t) = t**2 + 26*t + 263. Calculate the remainder when 600 is divided by k(-8).
5
Let v(i) = -6*i - 80. Let a be v(-16). Calculate the remainder when 87 is divided by ((-4)/26 - (-132)/(-156)) + a.
12
Suppose 0 = 13*n - 16*n + 66. Let p(o) = o**3 - 23*o**2 + 25*o - 51. What is the remainder when 18 is divided by p(n)?
3
Suppose -22076*g = -22073*g - 144. Calculate the remainder when 817 is divided by g.
1
Let n(d) = d + 1. Let z be n(2). Suppose k = -z*c + 14, 7*c - 3*c - 4*k = -8. Calculate the remainder when 9 is divided by c.
0
Let a = 394 - 567. Let w = a + 265. Let i = 6286 - 6254. Calculate the remainder when w is divided by i.
28
Let p(f) = 18 + f**3 - 43*f**2 + 25*f**2 + 9*f**2 + 16*f + 19*f**2. What is the remainder when 35 is divided by p(-8)?
17
Suppose 3*o = -2*m + 11, -12 = -3*o + o + m. Let u(n) = -2*n + 52. Let l be u(9). Suppose -4*v + 22 = -l. Calculate the remainder when v is divided by o.
4
Let h = -274 - -274. Suppose 7*s - 8*s - 2*t = 0, 4*t + 8 = h. What is the remainder when 31 is divided by s?
3
Suppose -17*v + 4*v + 21224 + 5335 = 0. Calculate the remainder when v is divided by 31.
28
Suppose -6*m - 115 = -133. What is the remainder when 40 is divided by (-14 - -10)/(m/(99/(-6)))?
18
Suppose 0 = -539*j + 555*j - 992. Let i(l) = 2*l**3 - 3*l - 3*l**2 - 1 - 6*l**3 - l**2. What is the remainder when j is divided by i(-2)?
20
Let i(c) = 125*c**2 - 10*c + 6. What is the remainder when 479 is divided by i(1)?
116
Let w(k) = 766*k - 649. Calculate the remainder when w(2) is divided by 34.
33
What is the remainder when (-3 - -1)/(-33 - 823/(-25)) is divided by 7?
4
Let p = 5753 + -5687. Calculate the remainder when 989 is divided by p.
65
Let j(o) = -55*o - 19. What is the remainder when 855 is divided by j(-1)?
27
Let n(h) be the second derivative of -3/2*h**2 - 2/3*h**3 - 22*h + 0 + 1/12*h**4. Calculate the remainder when n(6) is divided by 5.
4
Let f(p) = -22*p + 529. What is the remainder when 158 is divided by f(20)?
69
Suppose 0 = -4*h - 3*g + 15 + 26, -9 = -3*g. Calculate the remainder when 27 is divided by h.
3
Calculate the remainder when 16 + (2 - (3 + 0)) is divided by ((-11)/(1100/(-40)))/(1/5).
1
Let v(c) = c - 8. Let z be v(4). Let y be 4 + z + 1/1. What is the remainder when (4 + -127 + 2)/(y + -2) is divided by 41?
39
Calculate the remainder when 4 - -13*(72 - 12) is divided by 106.
42
Let o = -135 + 350. Suppose 0 = -c + 286 - o. What is the remainder when c is divided by 15?
11
Suppose -2*s + 1194 = 4*s. Suppose -4*f - 3*n + 37 = -34, 2*n + 86 = 4*f. Calculate the remainder when s is divided by f.
19
Suppose -882 + 252 = -42*x. What is the remainder when 3254 is divided by x?
14
Suppose y - 193 = -u, 0 = -5*y + 2*u + 785 + 173. Suppose -d = -0*d - 60. What is the remainder when y is divided by d?
12
Let q(x) = -x**3 - 5*x**2 - 103*x - 1026. Calculate the remainder when 927 is divided by q(-9).
27
Let v(s) = -s**3 + 49*s**2 - 58*s + 683. What is the remainder when 804 is divided by v(48)?
195
Suppose -383*t - 3*g = -380*t - 525, -5*g - 781 = -4*t. Calculate the remainder when 9196 is divided by t.
180
Suppose -1183*m + 20340 = -1123*m. Calculate the remainder when 715 is divided by m.
37
Suppose -78 + 93 = 3*m. Suppose 2*n - 15 = -d, -51 = -9*n + 5*n + m*d. What is the remainder when 52 is divided by n?
7
Let q(s) = 2*s**3 - 48*s**2 - 104*s + 20. Suppose b - 3 - 32 = 0. What is the remainder when b is divided by q(26)?
15
Suppose 38 = 3*c + 11. Suppose -18*b + 359 = 108 - 217. Let d = b - c. What is the remainder when 116 is divided by d?
14
Let j(f) = -2*f**2 + 29*f + 66. Let a(q) = -3*q**3 - 18*q**2 - q + 8. Let v be a(-6). What is the remainder when 1358 is divided by j(v)?
78
Suppose 10*v - 848 = -43*v. What is the remainder when 126 is divided by v?
14
Let b(g) = 23*g + 15. Let o be b(-1). Calculate the remainder when 17 is divided by (